3, 349
Let l(i) = -108*i + 12. Let z be l(-2). Suppose z*b = 226*b + 130. What are the prime factors of b?
5, 13
List the prime factors of 3/9 - (-26920)/60.
449
Suppose 2*h - 3*j + 1325 = 0, 0*j + j = 2*h + 1331. Let z = h - -1218. List the prime factors of z.
19, 29
Let v = -12785 - -79878. List the prime factors of v.
13, 397
Let x = -24 + 17. Let v be x/(-3) - 4/12. Suppose u = 4*o - 26, v*o - 5*u + 20 = 7*o. List the prime factors of o.
2, 3
Let h(l) = l**3 + 3*l**2 + 4*l - 3. Let u be h(6). Let c be u/10*8/3. Suppose 2*y = 3*v + 5*y - 324, 0 = -v - 5*y + c. List the prime factors of v.
2, 7
Suppose -99*c = -183*c + 104*c - 14660. List the prime factors of c.
733
Let v(d) = d**3 + 17*d**2 - 18*d + 35. What are the prime factors of v(12)?
5, 17, 47
Suppose u + 128 = 17*u. Suppose 2785 = u*s + 569. List the prime factors of s.
277
List the prime factors of (-69)/6 + 10 - 2/((-20)/12415).
2, 5, 31
Let b be (3/(-9))/((-19)/(-171)). What are the prime factors of -18*(3 + (-63)/(-6))*b?
3
Let r be (-5)/(((-12)/(-700))/3). Let v = 1799 + r. List the prime factors of v.
2, 3, 7, 11
Suppose 0 = 15*k + 11*k - 29*k + 56823. What are the prime factors of k?
13, 31, 47
Suppose -2*m = -4*r - 35162, 4*r = -9*m + 193958 - 35883. What are the prime factors of m?
11, 1597
Suppose -4*k = -5*z + 6905, 880*k + 6905 = 5*z + 884*k. What are the prime factors of z?
1381
Let h be 10 + 6/9*-3. Let l(z) be the second derivative of z**4/6 - 2*z**3/3 - 3*z**2 + 4*z - 2. What are the prime factors of l(h)?
2, 3, 5
Let r = -1170 - -3558. What are the prime factors of (r/10)/((-8)/(-20))?
3, 199
Let d = 3465 - 1945. Let q = -983 + d. List the prime factors of q.
3, 179
Let l = 44 + -44. Let m be (-49 - l - -5)*2/4. Let y = m + 54. What are the prime factors of y?
2
Let n = 35173 - 13465. What are the prime factors of n?
2, 3, 67
Suppose 0 = -40*f + 140 + 60. Suppose -3*l = r - 620, 4*r + 565 = f*l - 474. What are the prime factors of l?
3, 23
What are the prime factors of (600 + (-49)/(49/(-7)))*9?
3, 607
Let p(u) = 240*u**2 - 72*u + 454. What are the prime factors of p(7)?
2, 5, 1171
Let p(q) = -8*q**2 + 5*q - 31. Let t be p(-5). Let f = -70 - t. List the prime factors of f.
2, 3, 31
Let d = 229489 + -159544. What are the prime factors of d?
3, 5, 4663
Let f = 48210 - 18622. What are the prime factors of f?
2, 13, 569
Let p(r) = -6*r - 60. Let u be p(-11). Let i(v) = 14*v**2 - 16*v - 7. List the prime factors of i(u).
401
Let a(b) = 18*b + 25. Let u(v) be the third derivative of -v**5/60 + v**4/24 - 3*v**2. Let h(j) = -a(j) - 3*u(j). What are the prime factors of h(11)?
107
Suppose 14*q = 2*q + 1908. Suppose -3*j - 165 = -5*l - 22, -j + q = 5*l. List the prime factors of l.
31
Let f = -118 - -163. Suppose 0 = -f*i + 51*i - 3444. List the prime factors of i.
2, 7, 41
Suppose -173*u + 203225 = -148*u. List the prime factors of u.
11, 739
Suppose -3*x = x - 3*c - 385, 2*x = 5*c + 175. Let a(w) = w**3 - 7*w**2 + 7*w - 6. Let o be a(4). Let v = x + o. What are the prime factors of v?
2, 37
Let s = -40 - -37. Let a be 3 + 15*-6 + s. Let g = -39 - a. List the prime factors of g.
3, 17
Let z = -3166 + 4029. List the prime factors of z.
863
Suppose -2*m + 35819 = -5*z, -m + 11250 = -2*z - 6660. List the prime factors of m/12 - 3 - (-2)/(-3).
1489
Let o = 37177 - 34616. List the prime factors of o.
13, 197
Let z be (-14)/(980/(-530)) - (-3)/7. Suppose 10*f + 2*i = z*f + 1230, 0 = -f + 4*i + 595. List the prime factors of f.
13, 47
Let r = -388 - -393. Suppose r*t = -5*f + 1885, 2*t + 0*t = -3*f + 750. List the prime factors of t.
3, 127
Let k be 8 + (-4866)/(-3) - -1*4. Suppose 0 = 2*m + 2*l - k, -9*m + 3273 = -5*m - l. What are the prime factors of m?
2, 409
Let g(q) = -2*q + 26. Let l(b) be the third derivative of b**5/60 + b**4/24 - 3*b**2. Let r be l(3). List the prime factors of g(r).
2
Let w(b) be the first derivative of -b**3/3 - b**2 + 8*b - 19. Let x be w(-4). Suppose 5*q - 4*p - 299 = -x*q, 3*q - 177 = 3*p. What are the prime factors of q?
3, 7
Let h = 21312 + -9628. What are the prime factors of h?
2, 23, 127
Suppose 5*i + 17 = -3. What are the prime factors of i - 259/(-1) - 1?
2, 127
Let m(g) = g**3 - 8*g**2 - 17*g - 24. Let v be m(10). Suppose -3*q + 10 = k + 2*q, 0 = 2*k + 3*q - v. Suppose k*x - 6*x = -870. List the prime factors of x.
5, 29
Let g(b) = 636*b**2 - 13*b - 39. What are the prime factors of g(-4)?
23, 443
Suppose 0 = -3*n - 10*x + 9*x + 7375, -3*x - 9855 = -4*n. List the prime factors of n.
2, 3, 5, 41
Suppose 3*t - 1280 = -i + 14085, 4*t = -i + 15364. List the prime factors of i.
2, 17, 113
Let c be (-2)/1 - (-5 - (-14 - 1)). Let x(w) = -w**2 - 8*w + 51. Let p be x(c). What are the prime factors of (4 - 0) + 88 + p?
5, 19
Suppose -276 = u + 2*u. Let n = -363 - -206. Let w = u - n. What are the prime factors of w?
5, 13
Let t be 14*2*(-203)/(-116). Suppose 0 = t*g - 20*g - 5278. What are the prime factors of g?
2, 7, 13
Let f(d) = -1029 - 148*d - 96*d + 1023. What are the prime factors of f(-2)?
2, 241
Suppose f = -2*r + 27, -5*r - 9 = -6*r + 4*f. Suppose r*g = 18*g - 15. What are the prime factors of g?
3
Let w be (-28)/3*((-15)/(-1))/(-1). Let m = -5 + 7. List the prime factors of (1 - m) + 3 + w.
2, 71
Suppose 131*u + 28 = 138*u. Suppose 6*d - 2*d - 3681 = -3*v, u*v + d - 4908 = 0. List the prime factors of v.
3, 409
Let x be (48/(-10))/(1/(-10)). Suppose -x + 20 = -7*v. What are the prime factors of (4/v*48)/1?
2, 3
Let h be 2*(26/12 + 12/(-18)). Suppose 4*f = -0*b + 2*b + 920, 1415 = -h*b - f. List the prime factors of -12*(5/35 - b/(-56)).
3, 11
List the prime factors of 19164/(-8)*(-376)/141.
2, 1597
Let t be 4/10 + 5/50*206. Suppose -75 = -t*c + 6*c. Suppose 496 = 3*l + 4*i, -c*i + 94 = l - 53. List the prime factors of l.
2, 43
Suppose -675 - 1689 = -u - 4*w, 0 = u - 3*w - 2343. Let v = 4417 - u. List the prime factors of v.
5, 7, 59
Let v be 10/55 + (-172)/(-22). Let x = v + -7. Let r = x - -28. What are the prime factors of r?
29
Suppose 4*d = -5*q + 6002, 0 = -d - 5*q - 40 + 1518. What are the prime factors of d?
2, 13, 29
Suppose -21 = -z - 18. Suppose x - 3772 = -4*h, h + z*x = 458 + 474. What are the prime factors of h?
2, 59
Suppose -5*j + 25 = -4*s - 178, 4*j = -4*s - 248. Let r = -28 - s. Let d = r + -17. What are the prime factors of d?
2, 3
Suppose -140735 = 4071*k - 4106*k. List the prime factors of k.
4021
Let m(s) = s**2 - 9*s - 68. Let b be m(28). Let i = b - 382. List the prime factors of i.
2, 41
Let j(y) = 3*y**2 + 120*y - 1265. What are the prime factors of j(64)?
59, 317
Let k = -6622 - -11181. What are the prime factors of k?
47, 97
Let x(n) be the second derivative of 39*n**3/2 - 3*n**2/2 + 15*n. Let u be x(1). Let z = 26 + u. What are the prime factors of z?
2, 5, 7
Let c(n) = 857*n + 306. What are the prime factors of c(10)?
2, 7, 317
Suppose m = 4*m + 57. What are the prime factors of ((-2)/(-2))/(6/(-114))*m?
19
Let b = 1937 - 507. List the prime factors of b.
2, 5, 11, 13
Suppose 5*g - 4*j - 2583 = 1402, 3229 = 4*g + 5*j. What are the prime factors of (0 - 2) + 32 + g?
3, 277
Let h = -801 - -418. Let d = -323 - h. List the prime factors of d.
2, 3, 5
Suppose 0*t + 13984 = 19*t. List the prime factors of (2 + 2)/(-3 - t/(-244)).
2, 61
Suppose -4*c - 63 = -3*c - 5*m, 0 = 2*c + 2*m + 114. Let g be (-4)/(-2)*(0 + 59). Let n = g + c. What are the prime factors of n?
2, 3, 5
Let y(v) = -6*v**2 + 2*v + 7. Let x be y(-2). Let p = x - -522. What are the prime factors of p?
3, 167
List the prime factors of 774*(-24)/2304*-16.
3, 43
Let p = 32101 + -16245. List the prime factors of p.
2, 991
Let y(a) = -6*a + 35. Let u be y(5). What are the prime factors of (u - (-781)/(-5))/(6/(-20))?
2, 3, 7
Let g(w) = 4*w + 1 + 3*w**2 + 3*w + 7 - 5*w**2. Let k(p) = p**2 - 7*p - 9. Let y(b) = -2*g(b) - 3*k(b). List the prime factors of y(-7).
11
Suppose 5*t = -462 + 29237. List the prime factors of t.
5, 1151
Let j be (-4)/(-12)*(17 + -2) - -58. What are the prime factors of (-4)/3 + 24654/j?
2, 3, 5, 13
Suppose -8*n = -31*n + 13023 + 84750. List the prime factors of n.
3, 13, 109
Let w be (1*0/(4/4))/2. Suppose 5*z + w*z - 27 = -s, -33 = -4*s - 5*z. What are the prime factors of (-129)/(1*(s + -3))?
3, 43
Let y(c) = 7*c**3 + c**2 - 58*